{"id":209667,"date":"2026-01-25T16:16:28","date_gmt":"2026-01-25T13:16:28","guid":{"rendered":"https:\/\/www.journalofficiel.dj\/?post_type=texte-juridique&#038;p=209667"},"modified":"2026-01-25T16:27:06","modified_gmt":"2026-01-25T13:27:06","slug":"arrete-n2025-175-pr-mb-portanf-transfert-dune-parcelle-de-terrain-bati-appartenant-au-nom-de-letat","status":"publish","type":"texte-juridique","link":"https:\/\/www.journalofficiel.dj\/arabe\/texte-juridique\/arrete-n2025-175-pr-mb-portanf-transfert-dune-parcelle-de-terrain-bati-appartenant-au-nom-de-letat\/","title":{"rendered":"Arr\u00eat\u00e9 n\u00b0 2025-175\/PR\/MB portanf transfert d&rsquo;une parcelle  de terrain b\u00e2ti appartenant au nom de l&rsquo;Etat."},"content":{"rendered":"<p><strong>Article 1<\/strong> : Il est fait transfert et attribution d&rsquo;une parcelle de terrain b\u00e2ti sise \u00e0 Plateau de Djibouti et d&rsquo;une superficie de 325 m2 souscrit au livre foncier au nom du Minist\u00e8re du Budget objet du Titre Foncier n\u00b096.<\/p>\n<p><strong>Article 2<\/strong> : La parcelle de terrain d&rsquo;une superficie de 325 m2 ainsi transf\u00e9r\u00e9e est revers\u00e9e dans le domaine priv\u00e9 de l&rsquo;Etat.<\/p>\n<p><strong>Article 3<\/strong> : La Direction G\u00e9n\u00e9rale des Domaines et de la Conservation proc\u00e9dera ainsi \u00e0 l&rsquo;op\u00e9ration d&rsquo;\u00e9valuation immobili\u00e8re pour d\u00e9terminer la valeur v\u00e9nale du bien immobilier objet du transfert.<\/p>\n<p><strong>Article 4<\/strong> : Le pr\u00e9sent Arr\u00eat\u00e9 sera enregistr\u00e9, communiqu\u00e9 par tout o\u00f9 besoin sera et publi\u00e9 au Journal Officiel de la R\u00e9publique de Djibouti.<\/p>\n<p>Fait \u00e0 Djibouti, le 30 D\u00e9cembre 2025<\/p>","protected":false},"author":6,"template":"","format":"standard","meta":{"_acf_changed":false,"_monsterinsights_skip_tracking":false,"_monsterinsights_sitenote_active":false,"_monsterinsights_sitenote_note":"","_monsterinsights_sitenote_category":0,"footnotes":""},"institution":[630],"nature-dun-texte":[256],"class_list":["post-209667","texte-juridique","type-texte-juridique","status-publish","format-standard","hentry","institution-20-mb","nature-dun-texte-arrete"],"acf":{"reference":"2025-175\/PR\/MB","comment":"portanf transfert d'une parcelle de terrain b\u00e2ti appartenant au nom de l'Etat.","visas":"LE PRESIDENT DE LA REPUBLIQUE, CHEF DU GOUVERNEMENT\r\nVU La Constitution du 15 septembre 1992 ;\r\n\r\nVU La Loi Constitutionnelle n\u00b0134\/AN\/06\/5\u00e8me L du 02 f\u00e9vrier 2006 portant r\u00e9vision de la constitution ;\r\nVU La Loi Constitutionnelle n\u00b0215\/AN\/08\/5\u00e8me L du 19 janvier 2008 portant r\u00e9vision de la constitution ;\r\nVU La Loi Constitutionnelle n\u00b092\/AN\/10\/5\u00e8me L du 21 avril 2010 portant r\u00e9vision de la constitution ;\r\nVU La Loi n\u00b0171\/AN\/91\/2\u00e8me L du 10 octobre 1991 portant organisation du Domaine Public de l'Etat ;\r\nVU La Loi n\u00b0173\/AN\/91\/2\u00e8me L du 10 octobre 1991 portant organisation du Domaine Priv\u00e9 de l'Etat ;\r\nVU La Loi n\u00b0177\/AN\/91\/2\u00e8me L du 10 octobre 1991 portant organisation de la Propri\u00e9t\u00e9 Fonci\u00e8re ;\r\nVU Le D\u00e9cret n\u00b02021-105\/PRE en date du 24 mai 2021 portant nomination du Premier Ministre ;\r\nVU Le D\u00e9cret n\u00b02021-106\/PRE en date du 24 mai 2021 portant nomination des membres du Gouvernement ;\r\nVU Le D\u00e9cret n\u00b02021-114\/PRE en date du 31 mai 2021 fixant les attributions des Minist\u00e8res ;\r\nVU Le D\u00e9cret n\u00b02022-001\/PRE en date du 02 janvier 2022 portant remaniement Minist\u00e9riel ;\r\nVU La Demande de r\u00e9trocession d'un bien immobilier en date du 15 Octobre 2025.\r\nSUR Proposition du Ministre du Budget.","signature":"Le Pr\u00e9sident de la R\u00e9publique,\r\nChef du Gouvernement\r\nISMA\u00cfL OMAR GUELLEH","nature_du_texte":256,"journal_officiel":[209642],"institution":630,"mesures":"0","old_texte_id":"","fichiers":null,"titre_ar":"","contenu_ar":"","commentaire_ar":"","visas_ar":"","signature_ar":""},"aioseo_notices":[],"_links":{"self":[{"href":"https:\/\/www.journalofficiel.dj\/arabe\/wp-json\/wp\/v2\/texte-juridique\/209667","targetHints":{"allow":["GET"]}}],"collection":[{"href":"https:\/\/www.journalofficiel.dj\/arabe\/wp-json\/wp\/v2\/texte-juridique"}],"about":[{"href":"https:\/\/www.journalofficiel.dj\/arabe\/wp-json\/wp\/v2\/types\/texte-juridique"}],"author":[{"embeddable":true,"href":"https:\/\/www.journalofficiel.dj\/arabe\/wp-json\/wp\/v2\/users\/6"}],"version-history":[{"count":2,"href":"https:\/\/www.journalofficiel.dj\/arabe\/wp-json\/wp\/v2\/texte-juridique\/209667\/revisions"}],"predecessor-version":[{"id":209669,"href":"https:\/\/www.journalofficiel.dj\/arabe\/wp-json\/wp\/v2\/texte-juridique\/209667\/revisions\/209669"}],"acf:term":[{"embeddable":true,"taxonomy":"institution","href":"https:\/\/www.journalofficiel.dj\/arabe\/wp-json\/wp\/v2\/institution\/630"},{"embeddable":true,"taxonomy":"nature-dun-texte","href":"https:\/\/www.journalofficiel.dj\/arabe\/wp-json\/wp\/v2\/nature-dun-texte\/256"}],"acf:post":[{"embeddable":true,"href":"https:\/\/www.journalofficiel.dj\/arabe\/wp-json\/wp\/v2\/journal-officiel\/209642"}],"wp:attachment":[{"href":"https:\/\/www.journalofficiel.dj\/arabe\/wp-json\/wp\/v2\/media?parent=209667"}],"wp:term":[{"taxonomy":"institution","embeddable":true,"href":"https:\/\/www.journalofficiel.dj\/arabe\/wp-json\/wp\/v2\/institution?post=209667"},{"taxonomy":"nature-dun-texte","embeddable":true,"href":"https:\/\/www.journalofficiel.dj\/arabe\/wp-json\/wp\/v2\/nature-dun-texte?post=209667"}],"curies":[{"name":"wp","href":"https:\/\/api.w.org\/{rel}","templated":true}]}}

Arrêté n° 2025-175/PR/MB portanf transfert d&rsquo;une parcelle  de terrain bâti appartenant au nom de l&rsquo;Etat.

<p><strong>Article 1</strong> : Il est fait transfert et attribution d&rsquo;une parcelle de terrain bâti sise à Plateau de Djibouti et d&rsquo;une superficie de 325 m2 souscrit au livre foncier au nom du Ministère du Budget objet du Titre Foncier n°96.</p>
<p><strong>Article 2</strong> : La parcelle de terrain d&rsquo;une superficie de 325 m2 ainsi transférée est reversée dans le domaine privé de l&rsquo;Etat.</p>
<p><strong>Article 3</strong> : La Direction Générale des Domaines et de la Conservation procédera ainsi à l&rsquo;opération d&rsquo;évaluation immobilière pour déterminer la valeur vénale du bien immobilier objet du transfert.</p>
<p><strong>Article 4</strong> : Le présent Arrêté sera enregistré, communiqué par tout où besoin sera et publié au Journal Officiel de la République de Djibouti.</p>
<p>Fait à Djibouti, le 30 Décembre 2025</p>

portanf transfert d'une parcelle de terrain bâti appartenant au nom de l'Etat.

LE PRESIDENT DE LA REPUBLIQUE, CHEF DU GOUVERNEMENT
VU La Constitution du 15 septembre 1992 ;

VU La Loi Constitutionnelle n°134/AN/06/5ème L du 02 février 2006 portant révision de la constitution ;
VU La Loi Constitutionnelle n°215/AN/08/5ème L du 19 janvier 2008 portant révision de la constitution ;
VU La Loi Constitutionnelle n°92/AN/10/5ème L du 21 avril 2010 portant révision de la constitution ;
VU La Loi n°171/AN/91/2ème L du 10 octobre 1991 portant organisation du Domaine Public de l'Etat ;
VU La Loi n°173/AN/91/2ème L du 10 octobre 1991 portant organisation du Domaine Privé de l'Etat ;
VU La Loi n°177/AN/91/2ème L du 10 octobre 1991 portant organisation de la Propriété Foncière ;
VU Le Décret n°2021-105/PRE en date du 24 mai 2021 portant nomination du Premier Ministre ;
VU Le Décret n°2021-106/PRE en date du 24 mai 2021 portant nomination des membres du Gouvernement ;
VU Le Décret n°2021-114/PRE en date du 31 mai 2021 fixant les attributions des Ministères ;
VU Le Décret n°2022-001/PRE en date du 02 janvier 2022 portant remaniement Ministériel ;
VU La Demande de rétrocession d'un bien immobilier en date du 15 Octobre 2025.
SUR Proposition du Ministre du Budget.

Le Président de la République,
Chef du Gouvernement
ISMAÏL OMAR GUELLEH
