{"id":211840,"date":"2026-08-30T14:27:32","date_gmt":"2026-08-30T11:27:32","guid":{"rendered":"https:\/\/www.journalofficiel.dj\/?post_type=texte-juridique&#038;p=211840"},"modified":"2026-08-30T14:28:00","modified_gmt":"2026-08-30T11:28:00","slug":"arrete-n2026-111-pr-menfop-portant-modification-partielle-de-larrete-n85-0879-pr-en-portant-regularisation-dautorisation-douverture-des-etablissements-denseignement-prive-catholiqu","status":"publish","type":"texte-juridique","link":"https:\/\/www.journalofficiel.dj\/arabe\/texte-juridique\/arrete-n2026-111-pr-menfop-portant-modification-partielle-de-larrete-n85-0879-pr-en-portant-regularisation-dautorisation-douverture-des-etablissements-denseignement-prive-catholiqu\/","title":{"rendered":"Arr\u00eat\u00e9 n\u00b0 2026-111\/PR\/MENFOP Portant modification partielle de l&rsquo;Arr\u00eat\u00e9 n\u00b0 85-0879\/PR\/EN portant r\u00e9gularisation d&rsquo;autorisation d&rsquo;ouverture des Etablissements d&rsquo;enseignement priv\u00e9 catholique."},"content":{"rendered":"<p><strong>Article 1<\/strong> : L&rsquo;Article 1 de l&rsquo;Arr\u00eat\u00e9 n\u00b085-0879\/PR\/EN, relatif \u00e0 la r\u00e9gularisation de l&rsquo;autorisation d&rsquo;ouverture des \u00e9tablissements d&rsquo;enseignement priv\u00e9 catholique, est compl\u00e9t\u00e9 par la disposition suivante et concerne que l&rsquo;\u00e9cole priv\u00e9e de la Nativit\u00e9 :<br \/>\nL&rsquo;\u00e9cole priv\u00e9e de la Nativit\u00e9 est sous la tutelle des S\u0153urs Franciscaines Missionnaires de Notre Dame repr\u00e9sent\u00e9es par S\u0153ur Justine RANOELISOA sis au couvent de la Nativit\u00e9 \u00e0 Djibouti.<\/p>\n<p><strong>Article 2<\/strong> : l&rsquo;\u00e9cole de la Nativit\u00e9 offrira d\u00e9sormais un enseignement secondaire g\u00e9n\u00e9ral en plus des niveaux d&rsquo;enseignement qu&rsquo;elle dispense actuellement comme ci-dessous :<br \/>\n&#8211; Maternelle<br \/>\n&#8211; Primaire \u00e0 cycle complet<br \/>\n&#8211; Moyen (Coll\u00e8ge)<br \/>\n&#8211; Secondaire G\u00e9n\u00e9ral<\/p>\n<p><strong>Article 3<\/strong> : L&rsquo;\u00e9cole priv\u00e9e de la Nativit\u00e9 est dirig\u00e9e par Monsieur Rachid KAMCHAT, titulaire d&rsquo;un Dipl\u00f4me d&rsquo;Etudes Approfondies (DEA) en Physique Appliqu\u00e9e.<\/p>\n<p><strong>Article 4<\/strong> : Le Directeur et le personnel de l&rsquo;enseignement secondaire g\u00e9n\u00e9ral de l&rsquo;\u00e9cole de la Nativit\u00e9 devront se conformer aux dispositions r\u00e8glementaires en vigueur d\u00e9finissant les modalit\u00e9s de cr\u00e9ation et de fonctionnement des \u00e9tablissements priv\u00e9s d&rsquo;enseignement et notamment pr\u00e9senter un dossier d&rsquo;autorisation d&rsquo;enseigner pour le personnel enseignant de ladite \u00e9cole aupr\u00e8s du Minist\u00e8re de l&rsquo;Education Nationale.<\/p>\n<p><strong>Article 5<\/strong> : Le reste des dispositions restent inchang\u00e9es.<\/p>\n<p><strong>Article 6<\/strong> : Le pr\u00e9sent Arr\u00eat\u00e9 sera enregistr\u00e9, communiqu\u00e9 partout o\u00f9 besoin sera et publi\u00e9 au Journal Officiel de la R\u00e9publique de Djibouti.<\/p>\n<p>Fait \u00e0 Djibouti, le 05 Juillet 2026<\/p>","protected":false},"author":6,"template":"","format":"standard","meta":{"_acf_changed":false,"_monsterinsights_skip_tracking":false,"_monsterinsights_sitenote_active":false,"_monsterinsights_sitenote_note":"","_monsterinsights_sitenote_category":0,"footnotes":""},"institution":[896],"nature-dun-texte":[256],"class_list":["post-211840","texte-juridique","type-texte-juridique","status-publish","format-standard","hentry","institution-60-menfop","nature-dun-texte-arrete"],"acf":{"reference":"2026-111\/PR\/MENFOP","comment":"Portant modification partielle de l'Arr\u00eat\u00e9 n\u00b085-0879\/PR\/EN portant r\u00e9gularisation d'autorisation d'ouverture des Etablissements d'enseignement priv\u00e9 catholique.","visas":"VU La Constitution du 15 septembre 1992 ;\r\nVU La Loi Constitutionnelle n\u00b092\/AN\/10\/6\u00e8me L du 21\/04\/2010 portant r\u00e9vision de la Constitution ;\r\nVU La Loi n\u00b096\/AN\/00\/4\u00e8me L du 10 juillet 2000 portant Orientation du Syst\u00e8me Educatif Djiboutien ;\r\nVU La Loi n\u00b0113\/AN\/24\/9\u00e8me L du 10 juillet 2024 portant r\u00e9organisation du Minist\u00e8re de l'Education Nationale et de la Formation Professionnelle ;\r\nVU La Loi n\u00b0151\/AN\/06\/5\u00e8me L du 21 juin 2006 modifiant la loi n\u00b096\/AN\/00 4 \u00e8me du 10 juillet 2000 portant orientation du syst\u00e8me \u00e9ducatif djiboutien ;\r\nVU Le D\u00e9cret n\u00b02005-0083\/PR\/MENESUP fixant les modalit\u00e9s de cr\u00e9ation et de fonctionnement des \u00c9tablissements Priv\u00e9s d'Enseignement Fondamental, Secondaire ou Sup\u00e9rieur ;\r\nVU L'Arr\u00eate n\u00b085-0879\/PR\/EN portant r\u00e9gularisation d'autorisation d'ouverture des \u00e9tablissements d'enseignement priv\u00e9 catholique du 06 juillet 1985;\r\nVU Le D\u00e9cret n\u00b02026-091\/PRE du 14 Mai 2026 portant nomination du Premier Ministre ;\r\nVU Le D\u00e9cret n\u00b02026-092\/PRE du 17 Mai 2026 portant nomination des Membres du Gouvernement ;\r\nVU Le D\u00e9cret n\u00b02026-105\/PRE du 31 Mai 2026 fixant les attributions des Minist\u00e8res ;\r\nSUR Proposition du Minist\u00e8re de l'Education Nationale et de la Formation Professionnelle.","signature":"Le Pr\u00e9sident de la R\u00e9publique,\r\nChef du Gouvernement\r\n\r\n<span style=\"text-decoration: underline\">ISMA\u00cfL OMAR GUELLEH<\/span>","nature_du_texte":256,"journal_officiel":[211801],"institution":896,"mesures":"0","old_texte_id":"","fichiers":null,"titre_ar":"","contenu_ar":"","commentaire_ar":"","visas_ar":"","signature_ar":""},"aioseo_notices":[],"_links":{"self":[{"href":"https:\/\/www.journalofficiel.dj\/arabe\/wp-json\/wp\/v2\/texte-juridique\/211840","targetHints":{"allow":["GET"]}}],"collection":[{"href":"https:\/\/www.journalofficiel.dj\/arabe\/wp-json\/wp\/v2\/texte-juridique"}],"about":[{"href":"https:\/\/www.journalofficiel.dj\/arabe\/wp-json\/wp\/v2\/types\/texte-juridique"}],"author":[{"embeddable":true,"href":"https:\/\/www.journalofficiel.dj\/arabe\/wp-json\/wp\/v2\/users\/6"}],"version-history":[{"count":2,"href":"https:\/\/www.journalofficiel.dj\/arabe\/wp-json\/wp\/v2\/texte-juridique\/211840\/revisions"}],"predecessor-version":[{"id":211842,"href":"https:\/\/www.journalofficiel.dj\/arabe\/wp-json\/wp\/v2\/texte-juridique\/211840\/revisions\/211842"}],"acf:term":[{"embeddable":true,"taxonomy":"institution","href":"https:\/\/www.journalofficiel.dj\/arabe\/wp-json\/wp\/v2\/institution\/896"},{"embeddable":true,"taxonomy":"nature-dun-texte","href":"https:\/\/www.journalofficiel.dj\/arabe\/wp-json\/wp\/v2\/nature-dun-texte\/256"}],"acf:post":[{"embeddable":true,"href":"https:\/\/www.journalofficiel.dj\/arabe\/wp-json\/wp\/v2\/journal-officiel\/211801"}],"wp:attachment":[{"href":"https:\/\/www.journalofficiel.dj\/arabe\/wp-json\/wp\/v2\/media?parent=211840"}],"wp:term":[{"taxonomy":"institution","embeddable":true,"href":"https:\/\/www.journalofficiel.dj\/arabe\/wp-json\/wp\/v2\/institution?post=211840"},{"taxonomy":"nature-dun-texte","embeddable":true,"href":"https:\/\/www.journalofficiel.dj\/arabe\/wp-json\/wp\/v2\/nature-dun-texte?post=211840"}],"curies":[{"name":"wp","href":"https:\/\/api.w.org\/{rel}","templated":true}]}}

Arrêté n° 2026-111/PR/MENFOP Portant modification partielle de l&rsquo;Arrêté n° 85-0879/PR/EN portant régularisation d&rsquo;autorisation d&rsquo;ouverture des Etablissements d&rsquo;enseignement privé catholique.

<p><strong>Article 1</strong> : L&rsquo;Article 1 de l&rsquo;Arrêté n°85-0879/PR/EN, relatif à la régularisation de l&rsquo;autorisation d&rsquo;ouverture des établissements d&rsquo;enseignement privé catholique, est complété par la disposition suivante et concerne que l&rsquo;école privée de la Nativité :<br />
L&rsquo;école privée de la Nativité est sous la tutelle des Sœurs Franciscaines Missionnaires de Notre Dame représentées par Sœur Justine RANOELISOA sis au couvent de la Nativité à Djibouti.</p>
<p><strong>Article 2</strong> : l&rsquo;école de la Nativité offrira désormais un enseignement secondaire général en plus des niveaux d&rsquo;enseignement qu&rsquo;elle dispense actuellement comme ci-dessous :<br />
&#8211; Maternelle<br />
&#8211; Primaire à cycle complet<br />
&#8211; Moyen (Collège)<br />
&#8211; Secondaire Général</p>
<p><strong>Article 3</strong> : L&rsquo;école privée de la Nativité est dirigée par Monsieur Rachid KAMCHAT, titulaire d&rsquo;un Diplôme d&rsquo;Etudes Approfondies (DEA) en Physique Appliquée.</p>
<p><strong>Article 4</strong> : Le Directeur et le personnel de l&rsquo;enseignement secondaire général de l&rsquo;école de la Nativité devront se conformer aux dispositions règlementaires en vigueur définissant les modalités de création et de fonctionnement des établissements privés d&rsquo;enseignement et notamment présenter un dossier d&rsquo;autorisation d&rsquo;enseigner pour le personnel enseignant de ladite école auprès du Ministère de l&rsquo;Education Nationale.</p>
<p><strong>Article 5</strong> : Le reste des dispositions restent inchangées.</p>
<p><strong>Article 6</strong> : Le présent Arrêté sera enregistré, communiqué partout où besoin sera et publié au Journal Officiel de la République de Djibouti.</p>
<p>Fait à Djibouti, le 05 Juillet 2026</p>

Portant modification partielle de l'Arrêté n°85-0879/PR/EN portant régularisation d'autorisation d'ouverture des Etablissements d'enseignement privé catholique.

VU La Constitution du 15 septembre 1992 ;
VU La Loi Constitutionnelle n°92/AN/10/6ème L du 21/04/2010 portant révision de la Constitution ;
VU La Loi n°96/AN/00/4ème L du 10 juillet 2000 portant Orientation du Système Educatif Djiboutien ;
VU La Loi n°113/AN/24/9ème L du 10 juillet 2024 portant réorganisation du Ministère de l'Education Nationale et de la Formation Professionnelle ;
VU La Loi n°151/AN/06/5ème L du 21 juin 2006 modifiant la loi n°96/AN/00 4 ème du 10 juillet 2000 portant orientation du système éducatif djiboutien ;
VU Le Décret n°2005-0083/PR/MENESUP fixant les modalités de création et de fonctionnement des Établissements Privés d'Enseignement Fondamental, Secondaire ou Supérieur ;
VU L'Arrête n°85-0879/PR/EN portant régularisation d'autorisation d'ouverture des établissements d'enseignement privé catholique du 06 juillet 1985;
VU Le Décret n°2026-091/PRE du 14 Mai 2026 portant nomination du Premier Ministre ;
VU Le Décret n°2026-092/PRE du 17 Mai 2026 portant nomination des Membres du Gouvernement ;
VU Le Décret n°2026-105/PRE du 31 Mai 2026 fixant les attributions des Ministères ;
SUR Proposition du Ministère de l'Education Nationale et de la Formation Professionnelle.

Le Président de la République,
Chef du Gouvernement

<span style="text-decoration: underline">ISMAÏL OMAR GUELLEH</span>
