{"id":60374,"date":"2001-02-01T00:00:00","date_gmt":"2001-01-31T21:00:00","guid":{"rendered":"https:\/\/www.journalofficiel.dj\/texte-juridique\/arrete-n2001-0076-pr-men-portant-creation-dun-baccalaureat-technologique-serie-sciences-et-technologies-industrielles-specialite-genie-civil\/"},"modified":"2001-02-01T00:00:00","modified_gmt":"2001-01-31T21:00:00","slug":"arrete-n2001-0076-pr-men-portant-creation-dun-baccalaureat-technologique-serie-sciences-et-technologies-industrielles-specialite-genie-civil","status":"publish","type":"texte-juridique","link":"https:\/\/www.journalofficiel.dj\/arabe\/texte-juridique\/arrete-n2001-0076-pr-men-portant-creation-dun-baccalaureat-technologique-serie-sciences-et-technologies-industrielles-specialite-genie-civil\/","title":{"rendered":"Arr\u00eat\u00e9 n\u00b0 2001-0076\/PR\/MEN portant cr\u00e9ation d\u2019un Baccalaur\u00e9at Technologique s\u00e9rie : Sciences et Technologies Industrielles Sp\u00e9cialit\u00e9 : G\u00e9nie Civil."},"content":{"rendered":"<p class=\"MsoNormal\" style=\"margin-bottom: -15px\">Article 1er : Il est cr&eacute;&eacute; un baccalaur&eacute;at technologique :<\/p>\n<p class=\"MsoNormal\" style=\"margin-bottom: -15px\">&nbsp;&nbsp;&nbsp;&nbsp;&nbsp;&nbsp;&nbsp;&nbsp;&nbsp;&nbsp;&nbsp;&nbsp;&nbsp;&nbsp;&nbsp;&nbsp;&nbsp;&nbsp;&#8211; s&eacute;rie : Sciences et Technologies Industrielles (STI)<\/p>\n<p class=\"MsoNormal\" style=\"margin-bottom: -15px\">&nbsp;&nbsp;&nbsp;&nbsp;&nbsp;&nbsp;&nbsp;&nbsp;&nbsp;&nbsp;&nbsp;&nbsp;&nbsp;&nbsp;&nbsp;&nbsp;&nbsp;&nbsp;&#8211; sp&eacute;cialit&eacute; : G&eacute;nie Civil<\/p>\n<p class=\"MsoNormal\" style=\"margin-bottom: -15px\">&nbsp;<\/p>\n<p class=\"MsoNormal\" style=\"margin-bottom: -15px\">Article 2 : Le r&eacute;f&eacute;rentiel caract&eacute;ristique des comp&eacute;tences technologiques et g&eacute;n&eacute;rales pour l&rsquo;obtention du baccalaur&eacute;at S.T.I., sp&eacute;cialit&eacute; &laquo;G&eacute;nie Civil&raquo; est d&eacute;fini &agrave; l&rsquo;annexe I du pr&eacute;sent arr&ecirc;t&eacute;.<\/p>\n<p class=\"MsoNormal\" style=\"margin-bottom: -15px\">Les contenus de la formation pr&eacute;parant &agrave; ce baccalaur&eacute;at sont pr&eacute;cis&eacute;s &agrave; l&rsquo;annexe II.<\/p>\n<p class=\"MsoNormal\" style=\"margin-bottom: -15px\">&nbsp;<\/p>\n<p class=\"MsoNormal\" style=\"margin-bottom: -15px\">Article 3 : La premi&egrave;re session du baccalaur&eacute;at technologique s&eacute;rie : G&eacute;nie Civil organis&eacute;e conform&eacute;ment aux dispositions du pr&eacute;sent arr&ecirc;t&eacute; aura lieu en 2002.<\/p>\n<p class=\"MsoNormal\" style=\"margin-bottom: -15px\">&nbsp;<\/p>\n<p class=\"MsoNormal\" style=\"margin-bottom: -15px\">Article 4 : Le pr&eacute;sent arr&ecirc;t&eacute; prendra effet &agrave; compter du 01 f&eacute;vrier 2001, sera enregistr&eacute; et publi&eacute; au Journal Officiel de la R&eacute;publique de Djibouti.<\/p>","protected":false},"author":0,"template":"","format":"standard","meta":{"_acf_changed":false,"_monsterinsights_skip_tracking":false,"_monsterinsights_sitenote_active":false,"_monsterinsights_sitenote_note":"","_monsterinsights_sitenote_category":0,"footnotes":""},"institution":[882],"nature-dun-texte":[256],"class_list":["post-60374","texte-juridique","type-texte-juridique","status-publish","format-standard","hentry","institution-216-men","nature-dun-texte-arrete"],"acf":{"reference":"2001-0076\/PR\/MEN","comment":"portant cr\u00e9ation d\u2019un Baccalaur\u00e9at Technologique s\u00e9rie : Sciences et Technologies Industrielles Sp\u00e9cialit\u00e9 : G\u00e9nie Civil.","visas":"<p class=\"MsoNormal\" style=\"margin-bottom: -15px;\">LE PRESIDENT DE LA REPUBLIQUE, CHEF DU GOUVERNEMENT<\/p>\n<p class=\"MsoNormal\" style=\"margin-bottom: -15px;\">&nbsp;<\/p>\n<p class=\"MsoNormal\" style=\"margin-bottom: -15px;\">VU La constitution du 15 septembre 1992 ;<\/p>\n<p class=\"MsoNormal\" style=\"margin-bottom: -15px;\">VU Le d&eacute;cret n&deg;<a href='https:\/\/www.journalofficiel.dj\/texte-juridique\/decret-n99-0059-pre-portant-nomination-des-membres-du-gouvernement-et-fixant-leurs-attributions\/'>99-0059\/PRE <\/a>du 12 mai 1999 portant nomination des membres du Gouvernement et fixant leurs attributions ;<\/p>\n<p class=\"MsoNormal\" style=\"margin-bottom: -15px;\">VU le d&eacute;cret n&deg;99-0283\/PR\/EN du 30 d&eacute;cembre 1999 cr&eacute;ant le baccalaur&eacute;at technologique de l&rsquo;enseignement du 2&egrave;me degr&eacute; ;<\/p>\n<p class=\"MsoNormal\" style=\"margin-bottom: -15px;\">Sur proposition du Ministre de l&rsquo;Education Nationale.<\/p>\n","signature":"<p class=\"MsoNormal\" style=\"margin-bottom: -15px;\" align=\"right\">Le Pr&eacute;sident de la R&eacute;publique,<\/p>\n<p class=\"MsoNormal\" style=\"margin-bottom: -15px;\" align=\"right\">chef du Gouvernement<\/p>\n<p class=\"MsoNormal\" style=\"margin-bottom: -15px;\" align=\"right\">ISMA&Iuml;L OMAR GUELLEH<\/p>","nature_du_texte":256,"journal_officiel":57830,"institution":882,"mesures":"0","old_texte_id":"4585","fichiers":null,"titre_ar":"","contenu_ar":"","commentaire_ar":"","visas_ar":"","signature_ar":""},"aioseo_notices":[],"_links":{"self":[{"href":"https:\/\/www.journalofficiel.dj\/arabe\/wp-json\/wp\/v2\/texte-juridique\/60374","targetHints":{"allow":["GET"]}}],"collection":[{"href":"https:\/\/www.journalofficiel.dj\/arabe\/wp-json\/wp\/v2\/texte-juridique"}],"about":[{"href":"https:\/\/www.journalofficiel.dj\/arabe\/wp-json\/wp\/v2\/types\/texte-juridique"}],"version-history":[{"count":0,"href":"https:\/\/www.journalofficiel.dj\/arabe\/wp-json\/wp\/v2\/texte-juridique\/60374\/revisions"}],"acf:term":[{"embeddable":true,"taxonomy":"institution","href":"https:\/\/www.journalofficiel.dj\/arabe\/wp-json\/wp\/v2\/institution\/882"},{"embeddable":true,"taxonomy":"nature-dun-texte","href":"https:\/\/www.journalofficiel.dj\/arabe\/wp-json\/wp\/v2\/nature-dun-texte\/256"}],"acf:post":[{"embeddable":true,"href":"https:\/\/www.journalofficiel.dj\/arabe\/wp-json\/wp\/v2\/journal-officiel\/57830"}],"wp:attachment":[{"href":"https:\/\/www.journalofficiel.dj\/arabe\/wp-json\/wp\/v2\/media?parent=60374"}],"wp:term":[{"taxonomy":"institution","embeddable":true,"href":"https:\/\/www.journalofficiel.dj\/arabe\/wp-json\/wp\/v2\/institution?post=60374"},{"taxonomy":"nature-dun-texte","embeddable":true,"href":"https:\/\/www.journalofficiel.dj\/arabe\/wp-json\/wp\/v2\/nature-dun-texte?post=60374"}],"curies":[{"name":"wp","href":"https:\/\/api.w.org\/{rel}","templated":true}]}}

Arrêté n° 2001-0076/PR/MEN portant création d’un Baccalauréat Technologique série : Sciences et Technologies Industrielles Spécialité : Génie Civil.

portant création d’un Baccalauréat Technologique série : Sciences et Technologies Industrielles Spécialité : Génie Civil.
