{"id":60378,"date":"2001-02-08T00:00:00","date_gmt":"2001-02-07T21:00:00","guid":{"rendered":"https:\/\/www.journalofficiel.dj\/texte-juridique\/decret-n2001-0029-pr-mefpcp-accordant-lagrement-a-la-societe-dassurance-amerga\/"},"modified":"2001-02-08T00:00:00","modified_gmt":"2001-02-07T21:00:00","slug":"decret-n2001-0029-pr-mefpcp-accordant-lagrement-a-la-societe-dassurance-amerga","status":"publish","type":"texte-juridique","link":"https:\/\/www.journalofficiel.dj\/arabe\/texte-juridique\/decret-n2001-0029-pr-mefpcp-accordant-lagrement-a-la-societe-dassurance-amerga\/","title":{"rendered":"D\u00e9cret n\u00b0 2001-0029\/PR\/MEFPCP accordant l\u2019Agr\u00e9ment \u00e0 la Soci\u00e9t\u00e9 d\u2019assurance \u00abAMERGA\u00bb."},"content":{"rendered":"<p class=\"MsoNormal\"><span style=\"font-family: Times New Roman\">Article 1er : La soci&eacute;t&eacute; d&eacute;nomm&eacute;e &laquo;Les Assureurs de la Mer Rouge et du Golfe Arabe&raquo; ayant son si&egrave;ge social au 8 rue Marchand &#8211; BP. 57 &agrave; Djibouti est agr&eacute;&eacute;e pour effectuer certaines op&eacute;rations d&rsquo;assurance de l&rsquo;article 19 de la loi n&deg;40\/AN\/99\/4&egrave;me L du 08 juin 1999 &eacute;num&eacute;r&eacute;es ci-apr&egrave;s :<\/span><\/p>\n<p class=\"MsoNormal\" style=\"margin-bottom: -15px\"><span style=\"font-family: Times New Roman\">1. Accident (y compris les accidents de travail et les maladies professionnelles).<\/span><\/p>\n<p class=\"MsoNormal\" style=\"margin-bottom: -15px\"><span style=\"font-family: Times New Roman\">2. Maladie.<\/span><\/p>\n<p class=\"MsoNormal\" style=\"margin-bottom: -15px\"><span style=\"font-family: Times New Roman\">3. Corps de v&eacute;hicules terrestres (autres que ferroviaire).<\/span><\/p>\n<p class=\"MsoNormal\" style=\"margin-bottom: -15px\"><span style=\"font-family: Times New Roman\">5. Corps de v&eacute;hicules a&eacute;riens.<\/span><\/p>\n<p class=\"MsoNormal\" style=\"margin-bottom: -15px\"><span style=\"font-family: Times New Roman\">6. Corps de v&eacute;hicules maritimes, lacustres et fluviaux.<\/span><\/p>\n<p class=\"MsoNormal\" style=\"margin-bottom: -15px\"><span style=\"font-family: Times New Roman\">7. Marchandises transport&eacute;es (y compris les marchandises, bagages et tous autres biens).<\/span><\/p>\n<p class=\"MsoNormal\" style=\"margin-bottom: -15px\"><span style=\"font-family: Times New Roman\">8. Incendie et &eacute;l&eacute;ments naturels.<\/span><\/p>\n<p class=\"MsoNormal\" style=\"margin-bottom: -15px\"><span style=\"font-family: Times New Roman\">9. Autres dommages aux biens.<\/span><\/p>\n<p class=\"MsoNormal\" style=\"margin-bottom: -15px\"><span style=\"font-family: Times New Roman\">10. Responsabilit&eacute; civile v&eacute;hicules terrestre automoteurs.<\/span><\/p>\n<p class=\"MsoNormal\" style=\"margin-bottom: -15px\"><span style=\"font-family: Times New Roman\">11. Responsabilit&eacute; civile v&eacute;hicules a&eacute;riens.<\/span><\/p>\n<p class=\"MsoNormal\" style=\"margin-bottom: -15px\"><span style=\"font-family: Times New Roman\">12. Responsabilit&eacute; civile v&eacute;hicules maritimes, lacustres et fluviaux.<\/span><\/p>\n<p class=\"MsoNormal\" style=\"margin-bottom: -15px\"><span style=\"font-family: Times New Roman\">13. Responsabilit&eacute; civile g&eacute;n&eacute;rale.<\/span><\/p>\n<p class=\"MsoNormal\" style=\"margin-bottom: -15px\"><span style=\"font-family: Times New Roman\">16. Pertes p&eacute;cuniaires diverses.<\/span><\/p>\n<p class=\"MsoNormal\" style=\"margin-bottom: -15px\"><span style=\"font-family: Times New Roman\">17. Protection juridique.<\/span><\/p>\n<p class=\"MsoNormal\" style=\"margin-bottom: -15px\"><span style=\"font-family: Times New Roman\">18. Assistance.<\/span><\/p>\n<p class=\"MsoNormal\" style=\"margin-bottom: -15px\"><span style=\"font-family: Times New Roman\">&nbsp;<\/span><\/p>\n<p class=\"MsoNormal\" style=\"margin-bottom: -15px\"><span style=\"font-family: Times New Roman\">Article 2 : La soci&eacute;t&eacute; &laquo;AMERGA&raquo; s&rsquo;engage &agrave; respecter la cession l&eacute;gale sur ses trait&eacute;s de r&eacute;assurance en faveur de la ZEP-RE.<\/span><\/p>\n<p class=\"MsoNormal\" style=\"margin-bottom: -15px\"><span style=\"font-family: Times New Roman\">&nbsp;<\/span><\/p>\n<p class=\"MsoNormal\" style=\"margin-bottom: -15px\"><span style=\"font-family: Times New Roman\">Article 3 : Le Ministre de l&rsquo;Economie, des Finances et de la Planification, charg&eacute; de la Privatisation, est charg&eacute; de l&rsquo;ex&eacute;cution du pr&eacute;sent d&eacute;cret qui sera publi&eacute; au Journal Officiel de la R&eacute;publique de Djibouti.<\/span><\/p>","protected":false},"author":0,"template":"","format":"standard","meta":{"_acf_changed":false,"_monsterinsights_skip_tracking":false,"_monsterinsights_sitenote_active":false,"_monsterinsights_sitenote_note":"","_monsterinsights_sitenote_category":0,"footnotes":""},"institution":[608],"nature-dun-texte":[248],"class_list":["post-60378","texte-juridique","type-texte-juridique","status-publish","format-standard","hentry","institution-221-mefp","nature-dun-texte-decret"],"acf":{"reference":"2001-0029\/PR\/MEFPCP","comment":"accordant l\u2019Agr\u00e9ment \u00e0 la Soci\u00e9t\u00e9 d\u2019assurance \u00abAMERGA\u00bb.","visas":"<p class=\"MsoNormal\" style=\"margin-bottom: -15px;\"><span style=\"font-family: Times New Roman;\">LE PRESIDENT DE LA REPUBLIQUE, CHEF DU GOUVERNEMENT<\/span><\/p>\n<p class=\"MsoNormal\" style=\"margin-bottom: -15px;\"><span style=\"font-family: Times New Roman;\">VU La constitution du 15 septembre 1992 ;<\/span><\/p>\n<p class=\"MsoNormal\" style=\"margin-bottom: -15px;\"><span style=\"font-family: Times New Roman;\">VU La loi n&deg;40\/AN\/99\/4&egrave;me L du 08 juin 1999 ;<\/span><\/p>\n<p class=\"MsoNormal\" style=\"margin-bottom: -15px;\"><span style=\"font-family: Times New Roman;\">VU Le d&eacute;cret n&deg;<a href='https:\/\/www.journalofficiel.dj\/texte-juridique\/decret-n99-0059-pre-portant-nomination-des-membres-du-gouvernement-et-fixant-leurs-attributions\/'>99-0059\/PRE <\/a>du 12 mai 1999 portant nomination des membres du Gouvernement et fixant leurs attributions ;<\/span><\/p>\n<p class=\"MsoNormal\" style=\"margin-bottom: -15px;\"><span style=\"font-family: Times New Roman;\">VU Le dossier de demande d&rsquo;agr&eacute;ment pr&eacute;sent&eacute; par la soci&eacute;t&eacute; &laquo;Les Assureurs de la Mer Rouge et du Golfe Arabe&raquo; en abr&eacute;g&eacute; &laquo;AMERGA&raquo; ayant son si&egrave;ge social au 8 rue Marchand &#8211; BP. 57 Djibouti. R&eacute;publique de Djibouti ;<\/span><\/p>\n<p class=\"MsoNormal\" style=\"margin-bottom: -15px;\"><span style=\"font-family: Times New Roman;\">VU Les pi&egrave;ces compl&eacute;mentaires vers&eacute;es au dossier par &laquo;AMERGA&raquo; ;<\/span><\/p>\n<p class=\"MsoNormal\" style=\"margin-bottom: -15px;\"><span style=\"font-family: Times New Roman;\">Le Conseil des Ministres entendu en sa s&eacute;ance du 09 janvier 2001 ;<\/span><\/p>\n<p class=\"MsoNormal\" style=\"margin-bottom: -15px;\"><span style=\"font-family: Times New Roman;\">Sur proposition du Ministre de l&rsquo;Economie, des Finances et de la Planification, charg&eacute; de la Privatisation ;<\/span><\/p>\n","signature":"<p class=\"MsoNormal\" style=\"margin-bottom: -15px;\" align=\"right\"><span style=\"font-family: Times New Roman;\">Le Pr&eacute;sident de la R&eacute;publique,<\/span><\/p>\n<p class=\"MsoNormal\" style=\"margin-bottom: -15px;\" align=\"right\"><span style=\"font-family: Times New Roman;\">chef du Gouvernement<\/span><\/p>\n<p class=\"MsoNormal\" style=\"margin-bottom: -15px;\" align=\"right\"><span style=\"font-family: Times New Roman;\">ISMA&Iuml;L OMAR GUELLEH<\/span><\/p>","nature_du_texte":248,"journal_officiel":57830,"institution":608,"mesures":"0","old_texte_id":"4589","fichiers":null,"titre_ar":"","contenu_ar":"","commentaire_ar":"","visas_ar":"","signature_ar":""},"aioseo_notices":[],"_links":{"self":[{"href":"https:\/\/www.journalofficiel.dj\/arabe\/wp-json\/wp\/v2\/texte-juridique\/60378","targetHints":{"allow":["GET"]}}],"collection":[{"href":"https:\/\/www.journalofficiel.dj\/arabe\/wp-json\/wp\/v2\/texte-juridique"}],"about":[{"href":"https:\/\/www.journalofficiel.dj\/arabe\/wp-json\/wp\/v2\/types\/texte-juridique"}],"version-history":[{"count":0,"href":"https:\/\/www.journalofficiel.dj\/arabe\/wp-json\/wp\/v2\/texte-juridique\/60378\/revisions"}],"acf:term":[{"embeddable":true,"taxonomy":"institution","href":"https:\/\/www.journalofficiel.dj\/arabe\/wp-json\/wp\/v2\/institution\/608"},{"embeddable":true,"taxonomy":"nature-dun-texte","href":"https:\/\/www.journalofficiel.dj\/arabe\/wp-json\/wp\/v2\/nature-dun-texte\/248"}],"acf:post":[{"embeddable":true,"href":"https:\/\/www.journalofficiel.dj\/arabe\/wp-json\/wp\/v2\/journal-officiel\/57830"}],"wp:attachment":[{"href":"https:\/\/www.journalofficiel.dj\/arabe\/wp-json\/wp\/v2\/media?parent=60378"}],"wp:term":[{"taxonomy":"institution","embeddable":true,"href":"https:\/\/www.journalofficiel.dj\/arabe\/wp-json\/wp\/v2\/institution?post=60378"},{"taxonomy":"nature-dun-texte","embeddable":true,"href":"https:\/\/www.journalofficiel.dj\/arabe\/wp-json\/wp\/v2\/nature-dun-texte?post=60378"}],"curies":[{"name":"wp","href":"https:\/\/api.w.org\/{rel}","templated":true}]}}

Décret n° 2001-0029/PR/MEFPCP accordant l’Agrément à la Société d’assurance «AMERGA».

accordant l’Agrément à la Société d’assurance «AMERGA».
