{"id":60381,"date":"2001-02-05T00:00:00","date_gmt":"2001-02-04T21:00:00","guid":{"rendered":"https:\/\/www.journalofficiel.dj\/texte-juridique\/arrete-n2001-0087-pr-mcc-portant-approbation-des-comptes-previsionnels-de-la-radio-television-de-djibouti-pour-lexercice-2001\/"},"modified":"2001-02-05T00:00:00","modified_gmt":"2001-02-04T21:00:00","slug":"arrete-n2001-0087-pr-mcc-portant-approbation-des-comptes-previsionnels-de-la-radio-television-de-djibouti-pour-lexercice-2001","status":"publish","type":"texte-juridique","link":"https:\/\/www.journalofficiel.dj\/arabe\/texte-juridique\/arrete-n2001-0087-pr-mcc-portant-approbation-des-comptes-previsionnels-de-la-radio-television-de-djibouti-pour-lexercice-2001\/","title":{"rendered":"Arr\u00eat\u00e9 n\u00b0 2001-0087\/PR\/MCC portant approbation des comptes pr\u00e9visionnels de la Radio-T\u00e9l\u00e9vision de Djibouti pour l\u2019exercice 2001."},"content":{"rendered":"<p class=\"MsoNormal\" style=\"margin-bottom: -15px\"><span style=\"font-family: Times New Roman\">Article 1er : Est approuv&eacute; les comptes pr&eacute;visionnels de la Radio-T&eacute;l&eacute;vision de Djibouti pour l&rsquo;exercice 2001, arr&ecirc;t&eacute; par le Conseil d&rsquo;Administration en produits et en charges aux montants de Deux Cent Soixante Deux Millions Cinq Cent Mille Francs Djibouti (262.500.000 FD).<\/span><\/p>\n<p class=\"MsoNormal\" style=\"margin-bottom: -15px\"><span style=\"font-family: Times New Roman\">&nbsp;<\/span><\/p>\n<p class=\"MsoNormal\" style=\"margin-bottom: -15px\"><span style=\"font-family: Times New Roman\">Article 2 : Le pr&eacute;sent arr&ecirc;t&eacute; sera enregistr&eacute;, communiqu&eacute; et ex&eacute;cut&eacute; partout o&ugrave; besoin sera.<\/span><\/p>","protected":false},"author":0,"template":"","format":"standard","meta":{"_acf_changed":false,"_monsterinsights_skip_tracking":false,"_monsterinsights_sitenote_active":false,"_monsterinsights_sitenote_note":"","_monsterinsights_sitenote_category":0,"footnotes":""},"institution":[619],"nature-dun-texte":[256],"class_list":["post-60381","texte-juridique","type-texte-juridique","status-publish","format-standard","hentry","institution-229-mcccptppg","nature-dun-texte-arrete"],"acf":{"reference":"2001-0087\/PR\/MCC","comment":"portant approbation des comptes pr\u00e9visionnels de la Radio-T\u00e9l\u00e9vision de Djibouti pour l\u2019exercice 2001.","visas":"<p class=\"MsoNormal\" style=\"margin-bottom: -15px;\"><span style=\"font-family: Times New Roman;\">LE PRESIDENT DE LA REPUBLIQUE, CHEF DU GOUVERNEMENT<\/span><\/p>\n<p class=\"MsoNormal\" style=\"margin-bottom: -15px;\"><span style=\"font-family: Times New Roman;\">&nbsp;<\/span><\/p>\n<p class=\"MsoNormal\" style=\"margin-bottom: -15px;\"><span style=\"font-family: Times New Roman;\">VU La constitution du 15 septembre 1992 ;<\/span><\/p>\n<p class=\"MsoNormal\" style=\"margin-bottom: -15px;\"><span style=\"font-family: Times New Roman;\">VU La loi n&deg;42\/AN\/99\/4e L du 17 mai 1999 portant cr&eacute;ation d&rsquo;un &eacute;tablissement d&eacute;nomm&eacute; &laquo;Radio-T&eacute;l&eacute;vision de Djibouti&raquo; ;<\/span><\/p>\n<p class=\"MsoNormal\" style=\"margin-bottom: -15px;\"><span style=\"font-family: Times New Roman;\">VU La loi n&deg;42\/AN\/98\/4e L du 21\/01\/1998 portant sur la d&eacute;finition et la gestion des &Eacute;tablissements Publics ;<\/span><\/p>\n<p class=\"MsoNormal\" style=\"margin-bottom: -15px;\"><span style=\"font-family: Times New Roman;\">VU Le d&eacute;cret n&deg;99-0059\/PRE du 12 mai 1999 portant nomination des membres du Gouvernement et fixant leurs attributions ;<\/span><\/p>\n<p class=\"MsoNormal\" style=\"margin-bottom: -15px;\"><span style=\"font-family: Times New Roman;\">VU Le d&eacute;cret n&deg;99-0170\/PR\/MCC portant statut et cahier des charges de la Radio-T&eacute;l&eacute;vision de Djibouti ;<\/span><\/p>\n<p class=\"MsoNormal\" style=\"margin-bottom: -15px;\"><span style=\"font-family: Times New Roman;\">VU Le d&eacute;cret n&deg;<a href='https:\/\/www.journalofficiel.dj\/texte-juridique\/decret-n2000-0256-pr-mccpt-modifiant-le-decret-n99-0170-pr-mcc-pt-portant-statuts-et-cahier-des-charges-de-la-radiodiffusion-television-de-djibouti\/'>2000-0256\/PR\/MCCPT <\/a>portant modification de statut de la R.T.D&nbsp;<\/span><\/p>\n<p class=\"MsoNormal\" style=\"margin-bottom: -15px;\"><span style=\"font-family: Times New Roman;\">Sur proposition du Ministre de la Communication et de la Culture, charg&eacute; des Postes et T&eacute;l&eacute;communications ;<\/span><\/p>\n<p class=\"MsoNormal\" style=\"margin-bottom: -15px;\"><span style=\"font-family: Times New Roman;\">Le Conseil des Ministres entendu en sa s&eacute;ance du 30 janvier 2001.<\/span><\/p>\n","signature":"<p class=\"MsoNormal\" style=\"margin-bottom: -15px;\" align=\"right\"><span style=\"font-family: Times New Roman;\">Le Pr&eacute;sident de la R&eacute;publique<\/span><\/p>\n<p class=\"MsoNormal\" style=\"margin-bottom: -15px;\" align=\"right\"><span style=\"font-family: Times New Roman;\">Chef du Gouvernement<\/span><\/p>\n<p class=\"MsoNormal\" style=\"margin-bottom: -15px;\" align=\"right\"><span style=\"font-family: Times New Roman;\">ISMA&Iuml;L OMAR GUELLEH<\/span><\/p>","nature_du_texte":256,"journal_officiel":57830,"institution":619,"mesures":"0","old_texte_id":"4592","fichiers":null,"titre_ar":"","contenu_ar":"","commentaire_ar":"","visas_ar":"","signature_ar":""},"aioseo_notices":[],"_links":{"self":[{"href":"https:\/\/www.journalofficiel.dj\/arabe\/wp-json\/wp\/v2\/texte-juridique\/60381","targetHints":{"allow":["GET"]}}],"collection":[{"href":"https:\/\/www.journalofficiel.dj\/arabe\/wp-json\/wp\/v2\/texte-juridique"}],"about":[{"href":"https:\/\/www.journalofficiel.dj\/arabe\/wp-json\/wp\/v2\/types\/texte-juridique"}],"version-history":[{"count":0,"href":"https:\/\/www.journalofficiel.dj\/arabe\/wp-json\/wp\/v2\/texte-juridique\/60381\/revisions"}],"acf:term":[{"embeddable":true,"taxonomy":"institution","href":"https:\/\/www.journalofficiel.dj\/arabe\/wp-json\/wp\/v2\/institution\/619"},{"embeddable":true,"taxonomy":"nature-dun-texte","href":"https:\/\/www.journalofficiel.dj\/arabe\/wp-json\/wp\/v2\/nature-dun-texte\/256"}],"acf:post":[{"embeddable":true,"href":"https:\/\/www.journalofficiel.dj\/arabe\/wp-json\/wp\/v2\/journal-officiel\/57830"}],"wp:attachment":[{"href":"https:\/\/www.journalofficiel.dj\/arabe\/wp-json\/wp\/v2\/media?parent=60381"}],"wp:term":[{"taxonomy":"institution","embeddable":true,"href":"https:\/\/www.journalofficiel.dj\/arabe\/wp-json\/wp\/v2\/institution?post=60381"},{"taxonomy":"nature-dun-texte","embeddable":true,"href":"https:\/\/www.journalofficiel.dj\/arabe\/wp-json\/wp\/v2\/nature-dun-texte?post=60381"}],"curies":[{"name":"wp","href":"https:\/\/api.w.org\/{rel}","templated":true}]}}

Arrêté n° 2001-0087/PR/MCC portant approbation des comptes prévisionnels de la Radio-Télévision de Djibouti pour l’exercice 2001.

portant approbation des comptes prévisionnels de la Radio-Télévision de Djibouti pour l’exercice 2001.
